 and 260?
20
Calculate the highest common factor of 16 and 184.
8
What is the highest common factor of 32016 and 207?
69
Calculate the highest common factor of 1003 and 68.
17
Calculate the greatest common divisor of 200 and 1100.
100
Calculate the greatest common divisor of 42 and 1638.
42
Calculate the greatest common divisor of 3762 and 44.
22
Calculate the highest common divisor of 559 and 13.
13
What is the highest common factor of 12 and 36?
12
What is the greatest common factor of 495 and 935?
55
Calculate the highest common factor of 5 and 2085.
5
Calculate the highest common factor of 35 and 2345.
35
Calculate the highest common factor of 135 and 459.
27
Calculate the greatest common divisor of 195 and 15.
15
Calculate the greatest common factor of 624 and 48.
48
What is the greatest common divisor of 44 and 3124?
44
Calculate the highest common divisor of 98 and 9506.
98
Calculate the greatest common divisor of 14 and 408.
2
Calculate the highest common divisor of 130 and 3835.
65
Calculate the highest common divisor of 618 and 5974.
206
What is the greatest common factor of 119 and 425?
17
Calculate the highest common factor of 7284 and 24.
12
What is the greatest common factor of 16 and 412?
4
What is the greatest common factor of 5880 and 224?
56
What is the highest common divisor of 2867 and 188?
47
What is the greatest common divisor of 915 and 61?
61
Calculate the highest common factor of 4 and 1354.
2
What is the greatest common factor of 28 and 124?
4
What is the highest common factor of 656 and 3034?
82
Calculate the greatest common divisor of 27 and 1143.
9
What is the greatest common divisor of 27702 and 72?
18
What is the highest common divisor of 58 and 4031?
29
Calculate the greatest common factor of 90 and 210.
30
Calculate the greatest common factor of 285 and 1350.
15
What is the greatest common divisor of 220 and 176?
44
Calculate the greatest common factor of 21 and 88578.
21
Calculate the greatest common divisor of 210 and 740.
10
Calculate the highest common factor of 24 and 96.
24
Calculate the highest common divisor of 108 and 2544.
12
Calculate the greatest common factor of 33 and 8184.
33
Calculate the greatest common factor of 440 and 40.
40
What is the highest common factor of 26 and 1989?
13
What is the greatest common divisor of 12 and 156?
12
Calculate the greatest common factor of 70 and 110.
10
What is the highest common divisor of 324 and 84?
12
Calculate the greatest common divisor of 141 and 1081.
47
What is the highest common factor of 266 and 28?
14
Calculate the highest common divisor of 54 and 828.
18
Calculate the greatest common divisor of 56 and 49.
7
What is the greatest common divisor of 152 and 19?
19
What is the highest common factor of 22 and 1188?
22
Calculate the greatest common divisor of 24 and 30.
6
Calculate the highest common factor of 14 and 602.
14
What is the highest common divisor of 570 and 1653?
57
What is the greatest common divisor of 4707 and 18?
9
What is the highest common divisor of 1501 and 158?
79
What is the highest common factor of 943 and 23?
23
What is the highest common factor of 60 and 210?
30
What is the greatest common factor of 9 and 7956?
9
What is the greatest common factor of 800 and 150?
50
What is the greatest common divisor of 7 and 7063?
7
Calculate the highest common factor of 2 and 37.
1
What is the highest common factor of 516 and 804?
12
What is the greatest common factor of 610 and 122?
122
Calculate the highest common divisor of 84 and 21.
21
Calculate the highest common divisor of 309 and 412.
103
Calculate the highest common factor of 4966 and 182.
26
What is the highest common divisor of 688 and 215?
43
What is the greatest common factor of 2898 and 322?
322
What is the greatest common divisor of 608 and 114?
38
Calculate the greatest common divisor of 184 and 496.
8
What is the greatest common divisor of 76 and 25498?
38
What is the greatest common factor of 2214 and 10086?
246
What is the highest common divisor of 37 and 3071?
37
What is the greatest common divisor of 70692 and 1032?
516
What is the greatest common factor of 2805 and 495?
165
What is the highest common divisor of 12 and 244?
4
Calculate the highest common factor of 44 and 20372.
44
What is the greatest common factor of 289 and 85?
17
Calculate the greatest common divisor of 13 and 1105.
13
Calculate the greatest common factor of 12 and 3324.
12
What is the greatest common divisor of 392 and 224?
56
Calculate the greatest common factor of 9659 and 104.
13
What is the highest common divisor of 3674 and 33?
11
Calculate the greatest common divisor of 8796 and 12.
12
What is the greatest common divisor of 2 and 54?
2
What is the highest common factor of 3 and 29?
1
Calculate the greatest common factor of 1102 and 116.
58
What is the greatest common factor of 1496 and 102?
34
What is the greatest common divisor of 55 and 250?
5
What is the highest common factor of 2 and 5?
1
What is the highest common factor of 805 and 92?
23
Calculate the greatest common divisor of 38 and 703.
19
What is the highest common factor of 180 and 576?
36
Calculate the greatest common factor of 9536 and 256.
64
Calculate the greatest common divisor of 264 and 2156.
44
Calculate the highest common divisor of 28 and 1876.
28
What is the greatest common divisor of 20 and 530?
10
What is the greatest common divisor of 5 and 29?
1
Calculate the greatest common divisor of 12 and 348.
12
What is the highest common factor of 5 and 13465?
5
Calculate the greatest common factor of 702 and 130.
26
Calculate the highest common factor of 5829 and 435.
87
Calculate the highest common divisor of 2100 and 40.
20
Calculate the highest common divisor of 54 and 36.
18
Calculate the highest common divisor of 11 and 2.
1
What is the greatest common factor of 2372 and 4?
4
What is the greatest common factor of 1528 and 16?
8
Calculate the highest common divisor of 713 and 23.
23
Calculate the greatest common divisor of 105 and 15.
15
Calculate the greatest common divisor of 16560 and 504.
72
What is the greatest common divisor of 1183 and 91?
91
Calculate the highest common divisor of 90 and 54.
18
What is the greatest common factor of 315 and 385?
35
What is the greatest common factor of 20 and 60?
20
What is the highest common divisor of 128 and 576?
64
Calculate the greatest common divisor of 88 and 1628.
44
Calculate the greatest common divisor of 69 and 92.
23
Calculate the highest common factor of 528 and 192.
48
What is the highest common divisor of 119 and 272?
17
Calculate the greatest common divisor of 1 and 6659.
1
What is the highest common factor of 47464 and 8?
8
Calculate the greatest common divisor of 20 and 2390.
10
What is the greatest common divisor of 2282 and 163?
163
Calculate the highest common divisor of 600 and 216.
24
What is the greatest common factor of 46 and 7981?
23
Calculate the greatest common divisor of 303 and 9.
3
What is the highest common divisor of 40 and 72?
8
Calculate the greatest common divisor of 24 and 552.
24
What is the highest common divisor of 23 and 67505?
23
Calculate the highest common factor of 28 and 1252.
4
What is the greatest common factor of 30998 and 22?
22
Calculate the greatest common factor of 133 and 3325.
133
Calculate the highest common factor of 648 and 16.
8
What is the highest common factor of 30 and 2745?
15
Calculate the highest common divisor of 2295 and 170.
85
Calculate the highest common factor of 40 and 15.
5
What is the highest common divisor of 115 and 15?
5
Calculate the greatest common divisor of 237 and 395.
79
Calculate the highest common divisor of 9 and 57.
3
Calculate the greatest common factor of 819 and 1183.
91
Calculate the highest common divisor of 54 and 135.
27
Calculate the highest common factor of 80 and 170.
10
What is the greatest common divisor of 84 and 34?
2
What is the greatest common factor of 675 and 25?
25
Calculate the greatest common divisor of 5005 and 77.
77
What is the highest common factor of 1208 and 8?
8
Calculate the greatest common factor of 35236 and 92.
92
What is the greatest common divisor of 285 and 30?
15
What is the highest common divisor of 22 and 165?
11
What is the highest common factor of 657 and 